y) = 28*y**2 + 6*y. Let r(v) = c(v) + 3*h(v). Let q(x) = 9*x**2 + 2*x + 1. What is the remainder when q(2) is divided by r(1)?
16
Let d be (819/(-28))/(-13) - 1/4. Calculate the remainder when (d + -12)/(-2) + (-3 - -24) is divided by 5.
1
Let r = 1620 - 593. What is the remainder when r is divided by 47?
40
Suppose -110*r = -790 - 750. Let u = 26 + 8. Let b = u + -24. Calculate the remainder when r is divided by b.
4
Let r(z) = z**3 + 12*z**2 - 28*z - 2. What is the remainder when r(4) is divided by 17?
6
Let b = -59 - -32. Let l be b/(-3) + 1 + -1. Let r = l - -4. Calculate the remainder when r is divided by 10.
3
Suppose 5*v - 616 = 3*s, 5*v - 612 = -0*v + s. Suppose 2*c = 5*x + 73, 6*c - 2*c - 2*x = v. Calculate the remainder when c is divided by 4.
1
Suppose 4*t = -0*t + 136. Let w = -972 + 972. Calculate the remainder when (-28 - w)*(-51)/t is divided by 16.
10
Let v(r) = 5*r - 230. Let n be v(33). What is the remainder when 62 is divided by -3*n/30*4?
10
Let y be (6 + -10 + -10)*(8 - -1). Let w = 634 + y. What is the remainder when w is divided by 51?
49
Let i(o) = 202*o. Let t be i(3). Suppose -6*g + t = -0*g. Calculate the remainder when g is divided by 21.
17
Calculate the remainder when 704 is divided by 13 - (-1872)/108*9/6.
2
Suppose -x - 24 = -68. Let n(c) = 15 - 4*c**2 + 1455*c - 2*c**2 - 1462*c + c**3. Calculate the remainder when x is divided by n(7).
14
Let j(u) = -4*u - 7. Let r be j(-3). Suppose 0*d - 49 = -r*y - d, -2*y + 5*d + 25 = 0. Suppose -7*l + 25 = -y. Calculate the remainder when 6 is divided by l.
1
Let q = -10 + 26. Let n(k) = -k**2 - 7*k + 301. What is the remainder when n(-19) is divided by q?
9
Suppose -11 = -3*l - 2*k, -5*k + k = 20. Suppose 4*w - 5*f = 265, -4*f + l*f + 61 = w. Let b = 47 + -35. What is the remainder when w is divided by b?
10
Let s = -200 - -205. Suppose 5*o - 3*v - 262 = 0, 0 = 3*o - s*v - 155 - 15. What is the remainder when o is divided by 12?
2
Let j(x) = 487*x**2 + 110*x - 227. Calculate the remainder when j(2) is divided by 8.
5
Let y(c) = -4*c - 39. Let b(l) be the first derivative of -l**2 - 19*l - 13. Let j(r) = 13*b(r) - 6*y(r). Calculate the remainder when 53 is divided by j(-16).
15
Let b(h) = 7*h**2 - 4*h - 4. What is the remainder when b(-2) is divided by -2 - (1 + 2 + -16)?
10
Let o(x) = x**2 - x - 27. Let z be o(-5). Suppose -3*s = -2*v + 29, z*v + 5*s + 0*s = 15. What is the remainder when 88 is divided by v?
8
Let u = -19345 + 19680. Calculate the remainder when u is divided by 52.
23
Suppose -4*k = -2*k + 2. What is the remainder when (-555)/(-6) + (-4)/(-8) is divided by ((-9 - 4) + 1)/(k/2)?
21
Let k(i) = -2*i**3 + 2*i**2 - 6*i - 71. Let q = 13 - 8. What is the remainder when k(-3) is divided by q?
4
Let i = 1979 + 251. Suppose 9*f - 1415 = i. What is the remainder when f is divided by 37?
35
Suppose u - 59 = -2*g, -3*g + 78*u - 82*u = -96. Suppose a - 145 = -5*r + g, 2*a + 3*r = 318. Calculate the remainder when a is divided by 12.
9
Let x = 6728 - 6715. What is the remainder when 1323 is divided by x?
10
Let z = 49 + -30. Suppose z*o - 24*o + 20 = 0. Suppose 2*q - 2*x = 100, -250 = -o*q - q + 3*x. What is the remainder when q is divided by 17?
16
Suppose -70579 - 27715 = -15*u + 13366. What is the remainder when u is divided by 56?
52
Let p(i) = -i**3 - 3*i**2 + 6*i - 11. Let m be p(-5). Suppose -6*g + 435 = m*g. What is the remainder when g is divided by 1 + (34/2 - 1)?
12
Suppose -15*i = 5*i - 40. Suppose 64 = 5*n - 3*h, -i*n = -5*n + h + 40. What is the remainder when 26 is divided by n?
12
Suppose 3*c - 7 = -358. Calculate the remainder when c*((-4)/(-6) - 1) is divided by (19 + -17)*1*(-14)/(-4).
4
Let u = 2418 - 2379. What is the remainder when 1069 is divided by u?
16
Let r be (-2)/14 + (-5 - (-180)/35). Suppose 5*g - 886 = -3*d, r = -5*d + 2*d + g + 874. What is the remainder when d is divided by 79?
55
Calculate the remainder when 117 is divided by (13 - 108/8)*(-9 - 57).
18
Let k = 1597 + -1548. Let v = 6 - 2. Suppose 0 = -v*b - 1 + k. What is the remainder when 46 is divided by b?
10
Let d = -5651 + 5697. What is the remainder when 256 is divided by d?
26
Let u = -157 - -332. Let y = u + -111. Suppose a + 0 = -h + 6, 0 = 4*h + 20. Calculate the remainder when y is divided by a.
9
Let r(y) = -y - 3. Let v be r(0). Let m(p) = 13*p**2 - 112*p - 21. What is the remainder when -22*(-7 - -2 - v) is divided by m(9)?
20
Suppose -2*b - 3*n = 42, 0*b - 4*b + 2*n - 100 = 0. Suppose -3*w = w + 4. Let p = w - b. What is the remainder when p is divided by 11?
1
Suppose -99*l - 1648 + 1958 = -2462. Let u = 436 - 190. Calculate the remainder when u is divided by l.
22
Suppose -4*k - y + 3514 = 0, 5*k + 5*y + 1172 = 5587. What is the remainder when k is divided by 231?
184
Let i = 3 + 14. Let k = -7 - -147. What is the remainder when 992/(-10)*-1 + (-28)/k is divided by i?
14
Suppose -5*r = -36 - 29. Let f = -55 + 80. Calculate the remainder when (r/(78/4))/(2/141) is divided by f.
22
Let d = -53 + 74. Suppose 19*c - 15*c + 4 = 0. What is the remainder when (-840)/(-35) + (c - -1) + 3 is divided by d?
6
Suppose 6*d + 15 = 9*d, -3*p + 3*d = -2094. Suppose -21*b - 199 = -p. What is the remainder when (-116)/((3 + -2)/(-1)) is divided by b?
20
Let p(o) = o**2 - 31*o + 13. Let z(i) = i**3 + 7*i**2 + 6*i + 5. Let j be (-22)/6 - 3/9. Calculate the remainder when p(34) is divided by z(j).
28
Let r = 77 - 44. Suppose 3*n - 116 = -89. Calculate the remainder when r is divided by n.
6
Let u be 4 + (-4 - -2) + 3 + 4. Suppose -u*q = -16 - 56. Calculate the remainder when 25 is divided by q.
1
Let m be 0 + 6/51 - 1494/(-306). Suppose -m*p + o = -p - 414, 315 = 3*p - 3*o. What is the remainder when p is divided by (-103)/(-7) - 14/(-49)?
13
Suppose 0 = -5*x + 120*g - 119*g + 121, -24 = 4*g. Calculate the remainder when 229 is divided by x.
22
Suppose -27 - 33 = -15*s. Suppose a - 2*c + 117 = s*a, 2*a - 85 = c. Calculate the remainder when 117 is divided by a.
35
Let c be (366/(-8))/((-1)/4) + 3. Let q = c + -155. What is the remainder when 150 is divided by q?
26
Let l(d) = -d**2 - 4*d - 4. Let y be l(-3). Let o(g) = 141*g + 10*g**2 - g**2 - 142*g. What is the remainder when 49 is divided by o(y)?
9
Suppose 3*o - 2*m = -440, -5 = 2*m - m. Let l = -104 - o. What is the remainder when l is divided by 15/(-20)*(0 - 8)?
4
Let a(o) = o**2 - 4*o + 4. Let g be a(6). Let c = g - 44. Let p = 45 + c. What is the remainder when 32 is divided by p?
15
Suppose -8*r + 9*r - 124 = 5*h, h + 5*r + 4 = 0. What is the remainder when 47 is divided by (-2)/(16/h) - -1*4?
5
Let b(z) = -z**3 - 16*z**2 - z - 10. Let h be b(-16). Let w(l) = -2*l + 19. Let t be w(8). Calculate the remainder when 126/h + t + -3 is divided by 16.
5
Let z(k) = -k**2 + 15*k - 4. Let n be z(0). Calculate the remainder when 85 is divided by (n/10)/(28/(-3290)).
38
Let z = -33 - -98. Suppose -z*l = -64*l - 13. Suppose 5*w - 4*i + 5*i - 565 = 0, -5*w + 575 = -i. Calculate the remainder when w is divided by l.
10
Calculate the remainder when 10639 is divided by (32/(-5))/(1*38/(-475)).
79
Suppose -29*a + 6*a = 1058. Let h = -20 - a. Calculate the remainder when 46 is divided by h.
20
Let k(a) = 4*a**3 + 52*a**2 - a - 8. Calculate the remainder when 1089 is divided by k(-13).
4
Let y(l) = 18*l + 63. Let s(x) = 53*x + 187. Let z(g) = -6*s(g) + 17*y(g). Let b(v) = v**2 + 3*v - 1. What is the remainder when z(-13) is divided by b(-7)?
24
What is the remainder when 277 is divided by (2 + 18/(-12))*(2 - 294)/(-2)?
58
Let y(k) = 14*k**2 - k - 4. Suppose 2*s + 52 = 56. Calculate the remainder when y(s) is divided by 26.
24
Calculate the remainder when 260 is divided by (-572)/(-8) - (11/33 + (-14)/(-12)).
50
Let h = 20129 + -19952. Calculate the remainder when 703 is divided by h.
172
What is the remainder when (-320)/((-108)/81*(-9)/(-12)) is divided by 65?
60
Let y(x) = -41*x + 5. Let r(v) = 165*v - 19. Let m(i) = 2*r(i) + 9*y(i). What is the remainder when m(-3) is divided by 14?
12
Let a = 12714 - 12464. What is the remainder when 1274 is divided by a?
24
Calculate the remainder when 841 is divided by ((-990)/20)/(5 - (-39)/(-6)).
16
Suppose -u - 3*u = 3*n + 9, 2*u - 2*n = 6. What is the remainder when -58*-1*(1 + u) is divided by ((-722